nd 22?
11
What is the highest common factor of 8 and 5912?
8
Calculate the greatest common factor of 40 and 64.
8
Calculate the greatest common factor of 56 and 2808.
8
Calculate the greatest common factor of 568 and 48.
8
What is the greatest common divisor of 5 and 16?
1
What is the highest common factor of 5053 and 1141?
163
What is the highest common factor of 8 and 1384?
8
What is the greatest common divisor of 98 and 434?
14
What is the highest common divisor of 3025 and 55?
55
Calculate the highest common divisor of 95 and 15.
5
What is the highest common divisor of 8 and 125?
1
What is the highest common divisor of 551 and 76?
19
Calculate the greatest common divisor of 115 and 483.
23
What is the highest common divisor of 234 and 910?
26
What is the greatest common factor of 290 and 50?
10
Calculate the greatest common factor of 22 and 2.
2
Calculate the greatest common factor of 1328 and 83.
83
What is the highest common divisor of 475 and 375?
25
Calculate the greatest common factor of 1729 and 133.
133
What is the highest common divisor of 336 and 84?
84
What is the greatest common factor of 996 and 12?
12
Calculate the highest common factor of 43 and 3010.
43
Calculate the greatest common factor of 1302 and 126.
42
What is the highest common divisor of 1920 and 75?
15
Calculate the greatest common divisor of 20 and 13.
1
Calculate the greatest common factor of 8 and 34.
2
What is the greatest common divisor of 18 and 402?
6
What is the greatest common divisor of 10 and 1?
1
What is the greatest common factor of 5313 and 132?
33
What is the greatest common divisor of 48 and 544?
16
What is the highest common factor of 25 and 1075?
25
Calculate the greatest common divisor of 1677 and 39.
39
Calculate the greatest common divisor of 117 and 12051.
117
Calculate the highest common factor of 42 and 5082.
42
What is the highest common factor of 6 and 1046?
2
Calculate the greatest common factor of 153 and 323.
17
What is the highest common divisor of 1121 and 59?
59
Calculate the greatest common factor of 86 and 9890.
86
What is the greatest common factor of 484 and 110?
22
What is the greatest common divisor of 1856 and 8?
8
Calculate the greatest common divisor of 14 and 434.
14
What is the greatest common divisor of 96 and 6288?
48
Calculate the greatest common divisor of 40 and 260.
20
Calculate the greatest common divisor of 7 and 1589.
7
Calculate the highest common factor of 891 and 22.
11
What is the greatest common divisor of 42 and 10038?
42
Calculate the greatest common divisor of 195 and 165.
15
Calculate the greatest common factor of 19 and 29.
1
What is the highest common divisor of 3 and 183?
3
Calculate the highest common divisor of 3835 and 117.
13
Calculate the greatest common factor of 2316 and 12.
12
Calculate the greatest common factor of 150 and 120.
30
What is the highest common divisor of 11684 and 92?
92
What is the greatest common divisor of 123 and 205?
41
Calculate the greatest common factor of 62 and 496.
62
What is the highest common divisor of 36 and 8160?
12
What is the greatest common divisor of 1052 and 8?
4
What is the greatest common factor of 4160 and 96?
32
What is the highest common divisor of 618 and 2?
2
Calculate the highest common divisor of 183 and 26352.
183
Calculate the highest common factor of 170 and 1510.
10
Calculate the greatest common factor of 3216 and 48.
48
What is the greatest common factor of 105 and 34755?
105
What is the highest common divisor of 471 and 2669?
157
What is the highest common factor of 12 and 33?
3
Calculate the highest common divisor of 855 and 945.
45
What is the highest common divisor of 506 and 11?
11
Calculate the highest common divisor of 44 and 2.
2
What is the greatest common divisor of 80 and 124?
4
Calculate the highest common divisor of 14 and 70.
14
Calculate the highest common divisor of 35 and 625.
5
Calculate the greatest common factor of 3444 and 60.
12
Calculate the greatest common divisor of 70 and 182.
14
Calculate the highest common divisor of 850 and 17.
17
What is the highest common factor of 12 and 388?
4
What is the greatest common divisor of 89 and 22339?
89
Calculate the highest common divisor of 90 and 162.
18
What is the greatest common factor of 210 and 31290?
210
What is the greatest common factor of 2400 and 25?
25
What is the highest common factor of 194 and 10282?
194
Calculate the greatest common factor of 920 and 85.
5
Calculate the greatest common divisor of 86 and 4644.
86
Calculate the highest common divisor of 63 and 399.
21
What is the highest common factor of 4620 and 448?
28
What is the greatest common divisor of 486 and 2268?
162
Calculate the greatest common divisor of 249 and 332.
83
What is the highest common divisor of 7580 and 20?
20
What is the highest common factor of 17 and 1054?
17
What is the highest common divisor of 47 and 13818?
47
Calculate the highest common divisor of 266 and 399.
133
What is the highest common factor of 45 and 405?
45
What is the highest common factor of 972 and 135?
27
Calculate the greatest common factor of 34 and 578.
34
Calculate the highest common factor of 210 and 1974.
42
Calculate the highest common divisor of 79990 and 190.
190
Calculate the greatest common factor of 1251 and 99.
9
Calculate the greatest common factor of 32 and 472.
8
What is the greatest common factor of 9447 and 67?
67
Calculate the highest common divisor of 16 and 431.
1
Calculate the greatest common factor of 564 and 4.
4
What is the greatest common factor of 37324 and 516?
172
Calculate the highest common factor of 1917 and 27.
27
Calculate the highest common factor of 176 and 2783.
11
Calculate the greatest common divisor of 31 and 1.
1
Calculate the highest common divisor of 145 and 40.
5
What is the greatest common divisor of 235 and 47?
47
What is the highest common divisor of 14381 and 219?
73
What is the highest common factor of 357 and 63?
21
Calculate the greatest common divisor of 15222 and 129.
129
What is the greatest common divisor of 44 and 77?
11
Calculate the greatest common divisor of 5 and 205.
5
Calculate the greatest common factor of 885 and 708.
177
Calculate the highest common divisor of 1749 and 33.
33
What is the highest common factor of 1376 and 32?
32
What is the highest common divisor of 1157 and 312?
13
What is the highest common divisor of 78 and 351?
39
What is the highest common factor of 6 and 18?
6
What is the highest common factor of 32 and 1936?
16
What is the greatest common divisor of 110 and 55?
55
What is the greatest common factor of 58 and 10643?
29
What is the highest common factor of 47 and 940?
47
Calculate the highest common factor of 1771 and 23.
23
What is the greatest common divisor of 6 and 1698?
6
What is the highest common factor of 1243 and 11?
11
Calculate the highest common divisor of 69 and 23.
23
What is the greatest common factor of 248 and 682?
62
Calculate the highest common factor of 176 and 2992.
176
What is the greatest common divisor of 726 and 462?
66
What is the greatest common divisor of 2904 and 33?
33
Calculate the highest common factor of 78 and 104.
26
Calculate the highest common divisor of 140 and 756.
28
Calculate the greatest common factor of 2520 and 700.
140
What is the greatest common divisor of 1625 and 65?
65
Calculate the greatest common factor of 400 and 610.
10
What is the highest common divisor of 576 and 352?
32
Calculate the greatest common divisor of 20 and 830.
10
Calculate the greatest common factor of 665 and 245.
35
What is the highest common divisor of 84 and 60?
12
What is the highest common divisor of 498 and 1?
1
Calculate the highest common factor of 11 and 649.
11
What is the greatest common factor of 261 and 87?
87
Calculate the greatest common factor of 1022 and 1168.
146
What is the greatest common factor of 78 and 52?
26
Calculate the greatest common divisor of 20 and 5300.
20
Calculate the highest common divisor of 1701 and 14.
7
What is the highest common factor of 222 and 24531?
111
Calculate the highest common factor of 752 and 80.
16
What is the highest common factor of 20 and 1010?
10
Calculate the greatest common divisor of 1159 and 627.
19
Calculate the greatest common divisor of 36 and 99.
9
Calcu